5*o - 2 = 3. Let t be (0 + o)/((-2)/14). Suppose 71 = 4*d + t. What are the prime factors of d?
2
Let z = 12 + -7. Suppose 0 = 4*c - 3*x + 330, -z*x = -5*c + c - 326. List the prime factors of c/(-16) + 1/(-4).
5
Suppose -2*j = -6*j - 16. Suppose -x = 2*w + 8 + 4, 0 = 5*x - 2*w. Let b = x - j. List the prime factors of b.
2
Let z be (-1 - -3)/(2 - 1). Suppose -u + 8 = -2*w - 3*u, w - 2 = z*u. List the prime factors of w/(-3)*30/4.
5
Let p(r) = -r**3 + 6*r**2 + 4*r + 3. Let z be p(5). Suppose -w + 16 + 2 = -2*b, -2*b + z = 2*w. What are the prime factors of w?
2, 11
Let l(q) be the first derivative of q**2/2 + q + 16. Suppose -2*d + 14 = -0. List the prime factors of l(d).
2
Let v = -14 - -24. Let x be (-770)/8 + 3/12. List the prime factors of (-4)/(-10) - x/v.
2, 5
Suppose 3*q - 9 = -0*q. Suppose q*v = v + 32. List the prime factors of v.
2
Let r = -9 + 17. Let t = r - -14. What are the prime factors of t?
2, 11
Let b(t) = t + 14. Let j be b(-6). Suppose -52 = -q - j. What are the prime factors of q?
2, 11
Let n(c) = -c**3 + 22*c**2 + 11*c - 53. List the prime factors of n(22).
3, 7
Suppose -52 = -2*s + 2. List the prime factors of s.
3
Let c(k) = 3*k**3 + k**2 - 6*k + 3. What are the prime factors of c(3)?
3, 5
Suppose 3*c = v, -5*v + 17 = -0*v + 2*c. What are the prime factors of v?
3
Suppose 9 = i + 2*i. Suppose i*p + 5 = 4*p. What are the prime factors of p?
5
Let r be (10/3)/(2/3). Let g(k) = -k**3 + 6*k**2 + 6*k - 3. What are the prime factors of g(r)?
2, 13
Suppose 10 = 4*u + 2*n - 4*n, 0 = -2*u - n + 3. Let z be (-1 + 0)*0/1. Suppose -d - u*j = -5*d + 16, 4*d + 2*j = z. List the prime factors of d.
2
Let i = -7 - -9. Suppose 0 = 2*u + i*p - 52, -3*u - 3*p + 4*p = -74. Suppose -2*a = 3*a - u. What are the prime factors of a?
5
List the prime factors of ((-20)/16 - -5)/((-2)/(-48)).
2, 3, 5
Suppose o - 225 = 184. What are the prime factors of o?
409
Let u(y) = 24*y + 2. What are the prime factors of u(4)?
2, 7
Let n = 103 + -57. List the prime factors of n.
2, 23
Suppose 3*z + 215 = 4*j, -z - z = 2. What are the prime factors of j?
53
Suppose -5*m + 35 = 5*h, h - 2*m - 14 = -h. Let r(n) = n**2 - 5*n + 8. Let j be r(h). Let x = j + -13. List the prime factors of x.
3
Let z(c) = -c**2 - 13*c + 2. Let l be z(-13). Let o = -12 - -21. Suppose l*d - o = 25. What are the prime factors of d?
17
Let q = -288 - -626. What are the prime factors of q?
2, 13
Let t(h) = 2*h**2 + 25*h - 20. What are the prime factors of t(-15)?
5, 11
Suppose -3*w = -w. Suppose -4*y - 3*k = -w*k - 81, 0 = 4*y - 5*k - 89. What are the prime factors of y?
3, 7
Suppose -s + 16 = g, g + 3*g + 8 = 0. What are the prime factors of s?
2, 3
Let f(n) = n**3 + n + 7. Let u be f(0). Let c(a) = 3*a + 8. List the prime factors of c(u).
29
Let r(x) = 17*x**3 + x**2 + x - 2. Let a be r(1). Let g be (-31 + 2)*(-2 - -1). Let d = g - a. What are the prime factors of d?
2, 3
Let i(w) = w**2 + 4*w + 4. Let u be i(-5). Let k be 0/(-2) + 3 + 0. Let c = k + u. List the prime factors of c.
2, 3
Let q(h) = 8*h**2 - 3*h + 1. Let o be q(1). Suppose -z + o = -6. List the prime factors of z.
2, 3
Let c(t) be the third derivative of -t**5/60 + 3*t**4/8 - 4*t**3/3 + t**2. List the prime factors of c(7).
2, 3
Let p be -6*(-3)/6 + 15. Suppose 0 = -b + 5*b - 2*r - p, -20 = -4*b + 4*r. What are the prime factors of b?
2
List the prime factors of (-575 + 1)/(-12 + 10).
7, 41
Suppose -81 = 3*o - 0*o. Suppose -2*z - 46 = 4*j, -2*z - 2*z + 3*j = 48. Let p = z - o. What are the prime factors of p?
2, 3
What are the prime factors of (28 - 30)/((-110)/(-114) - 1)?
3, 19
Let o(y) = -y**3 - 3*y**2 + 3*y - 2. Let u be o(-4). Suppose c - 14 = -u. What are the prime factors of c?
2, 3
Let z(c) = -38*c + 5. What are the prime factors of z(-2)?
3
Let t = -3 + 5. Suppose 27 = -t*z + 63. List the prime factors of z.
2, 3
Suppose c = -4*c - 10. Let k be c/(-3)*(4 - 7). Let d = 9 - k. List the prime factors of d.
11
What are the prime factors of 66 - (0/(-2))/(-2)?
2, 3, 11
Let p(f) = -5*f + 20. Let v(j) = -4*j + 20. Let q(o) = -3*p(o) + 4*v(o). What are the prime factors of q(11)?
3
Let z = 6 + -4. Suppose 0 = -4*s - z - 6, 0 = -2*n - 4*s - 30. Let r = 18 + n. What are the prime factors of r?
7
Suppose 204 = 5*k - 216. List the prime factors of k.
2, 3, 7
Let n(f) = 2*f**3 + 3*f**3 - 4*f**3 + 5*f - 6*f**2 + 6. Let t be n(5). Suppose -l + h = 2*l - t, 4*l = 4*h. List the prime factors of l.
3
Let d(g) = 2*g - 2 - 3 + g**2 + 1. Let a be (-36)/(-4)*(-3)/(-9). List the prime factors of d(a).
11
Suppose -2*v = 8*v - 500. List the prime factors of v.
2, 5
Suppose 0*n - 7*n = -231. List the prime factors of n.
3, 11
Suppose c + 3*c = 504. List the prime factors of c.
2, 3, 7
Let s(y) = 6*y**2 + 2*y + 2. List the prime factors of s(-1).
2, 3
List the prime factors of ((-7470)/(-35))/2 - (-4)/14.
107
Suppose 7*h - 321 = 4*h. List the prime factors of h.
107
Let f(r) be the second derivative of -r**5/20 + 7*r**4/12 + 7*r**3/6 + 5*r**2 + r. List the prime factors of f(8).
2
Let f(l) be the third derivative of l**5/60 + 3*l**4/8 + 3*l**2. Let o be f(-9). Let j(p) = -p**2 + 6. What are the prime factors of j(o)?
2, 3
List the prime factors of (-1 + -20)*578/(-51).
2, 7, 17
Let s = 31 - -26. What are the prime factors of s?
3, 19
Let i be 21/12 + 2/8. Let g be (-2*(-3)/i)/1. Let x(z) = z**3 - z**2 - z. List the prime factors of x(g).
3, 5
Let t be ((-4)/5)/((-5)/(-25)). Let h = t + 24. Suppose -3*f - h = -5*f. What are the prime factors of f?
2, 5
Let g = 95 - 36. List the prime factors of g.
59
Suppose -5*c + 336 = -2*c. What are the prime factors of c?
2, 7
Let s be 430/3 + (-2)/6. What are the prime factors of 238/26 + (-22)/s?
3
Let p = -91 + 129. What are the prime factors of p?
2, 19
Let c = -48 + 15. Let z = c + 73. List the prime factors of z.
2, 5
Suppose -5*a + a + 52 = 2*g, 0 = 5*g + 2*a - 122. Suppose 3*t + 0*t = g. List the prime factors of t.
2
What are the prime factors of (-205)/(-3 - (4 + -6))?
5, 41
Suppose 3*g - 2*o - 285 = 0, 0*o + 5*o = 4*g - 380. List the prime factors of g.
5, 19
Let d(v) = 2*v - 2. Let o be d(-2). Let b(k) = -2*k - 7. Let i be b(o). Suppose -5*u + 12 + 1 = 2*a, -i*u - 32 = -3*a. List the prime factors of a.
3
Suppose -w = -2*w + 7. Let s be 584/14 + 2/w. Suppose 3*p - 5*n = 33, -2*n - s + 12 = -4*p. What are the prime factors of p?
2, 3
Let i(y) = y**3 - 5*y**2 + 5*y. Let x be (0 + 1)/(2/8). List the prime factors of i(x).
2
Let v(c) = -5*c - 5. Let h(y) = 1. Let k(a) = 6*h(a) + v(a). Suppose -3*x = -5*z - 14, -3*z + z + 2*x - 8 = 0. What are the prime factors of k(z)?
2, 3
Let f be 6/(-14) - 734/(-14). Suppose 3*h = -5*u + f, -4*h + 4 = -3*h. What are the prime factors of u?
2
Let z = 53 - -28. List the prime factors of z.
3
Let n(k) = 5*k + 4. Let s(z) = -4*z**3 - z**2 - 2*z - 1. Let l be s(-1). List the prime factors of n(l).
2, 3
Let v = 213 + -110. List the prime factors of v.
103
Let q(c) = -c**2 - 11*c + 5. Let t(b) = 6*b - 3. Let p(z) = -4*q(z) - 7*t(z). Let o be p(2). Suppose -4*d = -o - 11. What are the prime factors of d?
2
Let y(n) = -n**3 - 4*n**2 + 5*n + 6. Suppose 3*s - 15 = 5*j + 1, -9 = 3*s. List the prime factors of y(j).
2, 3
Suppose -130 = -4*j + 178. What are the prime factors of j?
7, 11
Let d be (2 - 6) + 4 + -1. What are the prime factors of 1 + 0 + d - -20?
2, 5
Let h be -1 + ((-1)/(-1) - -2). Suppose 85 = h*z + 3*z. Suppose v - 3 + z = x, 0 = -v. List the prime factors of x.
2, 7
Let d = -7 + 7. Let y(b) = b**3 + 3. Let j be y(d). Suppose 2*k + k + j*o = 48, -2*k + 48 = -2*o. What are the prime factors of k?
2, 5
Suppose 0 = 3*r - 3 - 6. Let l(q) = q**3 - 2*q**2 - 3*q + 2. Let a be l(r). Suppose 0 = -a*k - 2*k + 48. What are the prime factors of k?
2, 3
Suppose -69 = 5*d + 6. List the prime factors of -3*(d/(-9))/(-1).
5
Let g(j) = j**3 + 4*j - 1. List the prime factors of g(2).
3, 5
Let d = 148 - 83. What are the prime factors of d?
5, 13
Suppose y = -3*y - 2*u + 72, 0 = -3*y - 5*u + 40. Suppose 0 = 4*j - 28 - y. What are the prime factors of j?
2, 3
Suppose 6*h - 1 = 4*a + h, -4*a + 4*h = 0. List the prime factors of ((-4)/(-2))/a - -40.
2, 3, 7
Suppose -4*x + 9*x = 0. Suppose x = i + u + 64, -3*i = -2*i + 4*u + 64. List the prime factors of i/(-10) + (-6)/15.
